What is the remainder when d is divided by 9?
7
Let b = -8 + 11. Suppose 0 = -5*p - b - 7. Calculate the remainder when (-2 - -24) + 1*p is divided by 11.
9
Calculate the remainder when 24 is divided by (2 - 2) + (-36)/(-4).
6
Suppose 5*a - 70 = 245. What is the remainder when a is divided by 17?
12
Let q(x) = 4*x - 2. Let g(f) = f - 1. Let c(b) = 2*g(b) - q(b). Suppose m - 2 = -2*w, -5*m + 4 = -4*m + 3*w. What is the remainder when 11 is divided by c(m)?
3
Let c(d) = -d - 2. Let b be 52/(-14) - (-4)/(-14). Let v be c(b). Suppose -3*x = r - 20, -2*r + 43 = x + v*x. Calculate the remainder when r is divided by 8.
7
Suppose -k - 42 = -3*g, -5*g + 28 = -3*g - 5*k. What is the remainder when 66 is divided by g?
10
Suppose 4*l + 0*p + 3*p = 7, -2*p - 10 = -l. Let j be 0/(-3*l/(-6)). Suppose j*b = 3*b - 42. Calculate the remainder when 27 is divided by b.
13
Suppose 4*v - 16 = 4*j, 3*v - 4*j - 4 = 2*v. Suppose 4*f + 3*h - 21 = 0, -5*f = -3*h - 31 - 29. Calculate the remainder when f is divided by (v/(-2))/(-2)*5.
4
Suppose 140 = 4*t + t. Let n = t + -13. Let s = -8 + n. Calculate the remainder when 19 is divided by s.
5
Suppose -2*h + 3*h + 4 = 0. What is the remainder when 0 - -94*(-2)/h is divided by 16?
15
Suppose -k = k, 0 = -a - 2*k + 35. Calculate the remainder when a is divided by 12.
11
Let x be (-22)/(-6) - 5/(-15). Suppose 3*u = 12, 3*o + u + x = 5*u. What is the remainder when 19 is divided by o?
3
Suppose 2*z = 241 - 31. What is the remainder when z is divided by 36?
33
Let o(f) = 6*f - 4. Let x be ((-4)/(-5))/((-11)/(-55)). Suppose j = -0*j + 11. Calculate the remainder when o(x) is divided by j.
9
Let u(o) = -o**2 + 3*o - 4. Let i be u(3). Suppose -d + 2 = -14. Calculate the remainder when (-75)/i + 4/d is divided by 10.
9
Let v(z) = -5*z - 2. Let m(n) = 9*n + 3. Let h(f) = -3*m(f) - 5*v(f). Let t(i) = -i**2 - 7*i + 8. What is the remainder when t(-6) is divided by h(-2)?
4
Suppose 0*i = 3*i - 2*j - 28, 4*i - 4*j - 32 = 0. Suppose -52 = -5*p + 4*p. Let b = p - 18. What is the remainder when b is divided by i?
10
Let i = -3 - -13. What is the remainder when (11 - i) + 2*1 is divided by 3?
0
Let f = 5 - -42. Calculate the remainder when f is divided by 16.
15
Let s = 11 + -6. Calculate the remainder when 52 is divided by s.
2
Let r = -104 - -147. Calculate the remainder when r is divided by 15.
13
Let p(d) = d**3 - 13*d**2 + 14*d - 8. What is the remainder when 58 is divided by p(12)?
10
Let w = 3 - 5. Suppose -4 = 2*a, 3*n - 5*a + 6 - 25 = 0. What is the remainder when w/n - 142/(-6) is divided by 12?
11
Calculate the remainder when 93 is divided by (-510)/(-20) + (-6)/4.
21
Suppose 5*q + 59 = 3*a, -3*a + 6*a - 3*q - 51 = 0. What is the remainder when a is divided by 4?
1
Suppose 4*l + k = 42, -2*k = 4*l - 51 + 11. What is the remainder when 19 is divided by l?
8
Let a(b) = 9*b - 12. Let f(q) = 8*q - 11. Let j(n) = -4*a(n) + 5*f(n). Calculate the remainder when 33 is divided by j(6).
16
Suppose -p - 87 = -5*h - 240, 2*h - 4*p + 72 = 0. What is the remainder when (h/(-8))/((-3)/(-16)) is divided by (-6)/(-24) + (-86)/(-8)?
9
Suppose 29 - 19 = s. What is the remainder when 23 is divided by s?
3
Let d = 137 - 99. Calculate the remainder when 113 is divided by d.
37
Let o = -40 - -73. Calculate the remainder when 129 is divided by o.
30
Let i = 73 - 33. Calculate the remainder when i is divided by 7.
5
Let x(k) = k**2 + 4*k + 3. Let z be x(-3). Suppose 0 = 3*c - z*c - 9. Let h = 15 + -8. What is the remainder when h is divided by c?
1
Suppose -2*j = o - 89, -51 - 70 = -3*j - 4*o. Suppose 2*m - j + 11 = 0. Calculate the remainder when 69 is divided by m.
15
Calculate the remainder when 14 is divided by ((-35)/15)/((-4)/12).
0
Suppose 2*u - 396 = -u. Suppose -7*g + u = -3*g. Calculate the remainder when g is divided by (-2)/4*-1*34.
16
Let u(s) = s + 4. Let r be u(-6). Let o be r/(-7) + 64/(-28). Calculate the remainder when 20 is divided by -11*(-1 + 2 + o).
9
Suppose -5*i + 0*q + 5 = 4*q, -4*i - q + 4 = 0. Let h = 6 - i. What is the remainder when 14 is divided by h?
4
Suppose 0 = 4*r - 5 - 15. Suppose -157 = -r*y + 2*c, 3*c = -y - 3*y + 144. What is the remainder when y is divided by 6?
3
Let b(x) = -23*x - 3. Let j(m) = -12*m - 2. Let r(h) = 3*b(h) - 5*j(h). What is the remainder when 57 is divided by r(-1)?
7
What is the remainder when 19 is divided by 2568/360 + (-4)/30?
5
What is the remainder when 23 is divided by 10*(45/10 + -3)?
8
Let m be 4/5 - 1/(-5). Suppose -19 - m = -4*d. Let g = 2 + 0. What is the remainder when d is divided by g?
1
Let n(g) = -g**3 - 7*g**2 - 6*g + 1. Let a be n(-5). Calculate the remainder when (3 - 7)/4*a is divided by 6.
1
Let u(l) be the first derivative of -l**4/4 - 5*l**3/3 - l**2 - 12*l + 11. Calculate the remainder when u(-6) is divided by 19.
17
Suppose 4*b + 3 = 5*b. Suppose 3*y - 153 = b*f, -f - y = -3*y + 48. Let i = -35 - f. What is the remainder when i is divided by 10?
9
Let j be ((-5)/(-2))/((-2)/(-48)). Suppose -5*b + 4*y + 35 = y, j = 4*b + 4*y. What is the remainder when 27 is divided by b?
7
Suppose -k + 0 = -15. Suppose -4*h = h - k. Suppose 34 = m - f, -f - 78 - 30 = -h*m. What is the remainder when m is divided by 13?
11
Let o(p) = -5*p. Let k(a) = -2*a. Let z(v) = 5*k(v) - 3*o(v). Calculate the remainder when 43 is divided by z(3).
13
Let i = 1 + 3. Suppose -67 + 223 = i*k. What is the remainder when k is divided by 10?
9
Let l(v) = -v**2. Let y be l(0). Suppose 5*b + 2*f - 1 = -y, -3*b - 3*f - 3 = 0. Calculate the remainder when (1/(-3) - b)*-12 is divided by 9.
7
Suppose 3*c - 20 = 2*c. What is the remainder when c is divided by 13?
7
Let x(n) = n**3 + n**2 + n + 77. What is the remainder when x(0) is divided by 20?
17
Let o(u) = 0*u + u - u**2 + 3*u**3 + u + 0*u**2 + 1. Let m = -8 - -22. What is the remainder when o(2) is divided by m?
11
Suppose 2*j + 0*j = 28. Suppose 47 - j = k. What is the remainder when 64 is divided by k?
31
Let x(w) = w**2 + 6*w - 7. Suppose r - 102 = -4*s, 94 = 4*s - r + 6*r. What is the remainder when s is divided by x(-8)?
8
Suppose 3 + 3 = 2*m. Calculate the remainder when ((-98)/(-4))/((-1)/(-2)) is divided by ((-68)/3)/(-4)*m.
15
Let z be (-38)/5 - (-12)/(-30). What is the remainder when (-350)/z + (-1)/(-4) is divided by 23?
21
Let k(b) = 3*b + 1. Let s(f) = 3*f + 1. Let a(d) = 3*k(d) - 2*s(d). Let w be a(-1). Let r = 2 - w. Calculate the remainder when 11 is divided by r.
3
Let j = 126 - 89. Let d(u) = 13*u**3 + u**2 - 1. Let o be ((-3)/6)/(2/(-4)). What is the remainder when j is divided by d(o)?
11
Suppose 3*i - 3*w + 7*w - 77 = 0, 74 = 2*i - 3*w. Suppose 0*l + l = 18. Let a = -7 + l. Calculate the remainder when i is divided by a.
9
Let p = -7 + 24. Calculate the remainder when 31 is divided by p.
14
Let s(l) = 0*l + 2*l + 3*l + 11. Let w be s(8). Suppose z + 2*v = 17, 2*v + 3*v = 3*z - w. Calculate the remainder when 33 is divided by z.
16
Let t be -1 - 1*(-2 - 40). Suppose -29 = -a + t. What is the remainder when a is divided by 18?
16
Let t(h) = 14*h**3 + h**2. What is the remainder when t(1) is divided by 9?
6
Suppose 3*k = 4*b - 540, -2*k + 5 = b - 119. Let f = b + -52. Let r = f + -31. Calculate the remainder when r is divided by 17.
15
Let z(q) = -q**2 + 20*q - 40. Calculate the remainder when 42 is divided by z(17).
9
Suppose -71 = -4*q + 37. Suppose 0*j - 56 = -4*j + 4*d, 5*d = -j + 20. What is the remainder when q is divided by j?
12
Let c(z) = z**2 + 10*z + 15. Calculate the remainder when 28 is divided by c(-10).
13
Let g(n) = 16*n - 2. Let x(m) = -11*m + 1. Let s(o) = 5*g(o) + 7*x(o). Let v = 12 - -4. Calculate the remainder when v is divided by s(4).
7
Let p be (-49)/(-14) - 1/2. Let z be -5 - (12/p - 3). Calculate the remainder when ((-138)/(-9))/((-4)/z) is divided by 12.
11
Let l(d) = 2*d**2 - 7*d + 5. Let w(j) = 2*j**2 + 5*j + 2. Let q = 8 - 11. Let u be w(q). Calculate the remainder when 58 is divided by l(u).
18
Let w = 142 + -119. Calculate the remainder when 43 is divided by w.
20
Suppose 0 = -a + 3*a - 276. Calculate the remainder when a is divided by 35.
33
Let r = 13 - -6. Let k = r - -2. What is the remainder when 62 is divided by k?
20
Let y = 24 - -1. Let d = -4 - -6. Suppose -5*z = d*g - 51, 3*z + 2*z - 90 = -5*g. 